e the remainder when 346 is divided by 39.
34
What is the remainder when 1213 is divided by 392?
37
Calculate the remainder when 659 is divided by 66.
65
Calculate the remainder when 2409 is divided by 1189.
31
Calculate the remainder when 801 is divided by 9.
0
Calculate the remainder when 199 is divided by 73.
53
Calculate the remainder when 13414 is divided by 39.
37
What is the remainder when 217 is divided by 103?
11
What is the remainder when 244 is divided by 41?
39
Calculate the remainder when 83 is divided by 9.
2
What is the remainder when 26 is divided by 17?
9
Calculate the remainder when 69 is divided by 19.
12
What is the remainder when 88 is divided by 86?
2
What is the remainder when 491 is divided by 48?
11
What is the remainder when 4719 is divided by 28?
15
Calculate the remainder when 2480 is divided by 17.
15
Calculate the remainder when 24870 is divided by 187.
186
What is the remainder when 1588 is divided by 148?
108
What is the remainder when 3467 is divided by 34?
33
What is the remainder when 590 is divided by 27?
23
Calculate the remainder when 208 is divided by 19.
18
Calculate the remainder when 90 is divided by 39.
12
What is the remainder when 243 is divided by 49?
47
What is the remainder when 648 is divided by 168?
144
What is the remainder when 1911 is divided by 66?
63
What is the remainder when 662 is divided by 136?
118
Calculate the remainder when 10189 is divided by 14.
11
What is the remainder when 1466 is divided by 21?
17
Calculate the remainder when 100 is divided by 34.
32
Calculate the remainder when 68 is divided by 11.
2
What is the remainder when 598 is divided by 65?
13
Calculate the remainder when 273 is divided by 235.
38
What is the remainder when 355 is divided by 7?
5
What is the remainder when 157 is divided by 51?
4
What is the remainder when 138 is divided by 21?
12
What is the remainder when 132 is divided by 61?
10
Calculate the remainder when 60681 is divided by 13.
10
What is the remainder when 365 is divided by 8?
5
What is the remainder when 284 is divided by 72?
68
Calculate the remainder when 127 is divided by 13.
10
What is the remainder when 2106 is divided by 124?
122
What is the remainder when 252 is divided by 69?
45
Calculate the remainder when 344 is divided by 26.
6
What is the remainder when 2519 is divided by 24?
23
Calculate the remainder when 4285 is divided by 32.
29
What is the remainder when 250 is divided by 71?
37
What is the remainder when 1751 is divided by 73?
72
Calculate the remainder when 95 is divided by 36.
23
Calculate the remainder when 6775 is divided by 15.
10
What is the remainder when 19466 is divided by 55?
51
Calculate the remainder when 2475 is divided by 59.
56
What is the remainder when 1575 is divided by 19?
17
What is the remainder when 1251 is divided by 90?
81
Calculate the remainder when 1099 is divided by 58.
55
What is the remainder when 268 is divided by 10?
8
Calculate the remainder when 250 is divided by 81.
7
What is the remainder when 259 is divided by 83?
10
Calculate the remainder when 743 is divided by 514.
229
Calculate the remainder when 2742 is divided by 333.
78
What is the remainder when 69 is divided by 27?
15
Calculate the remainder when 13336 is divided by 247.
245
What is the remainder when 649 is divided by 3?
1
Calculate the remainder when 177 is divided by 95.
82
Calculate the remainder when 1819 is divided by 53.
17
Calculate the remainder when 108 is divided by 32.
12
Calculate the remainder when 52 is divided by 25.
2
Calculate the remainder when 126 is divided by 43.
40
Calculate the remainder when 4533 is divided by 27.
24
Calculate the remainder when 2957 is divided by 20.
17
What is the remainder when 61 is divided by 48?
13
Calculate the remainder when 421 is divided by 85.
81
What is the remainder when 3377 is divided by 65?
62
What is the remainder when 15429 is divided by 20?
9
What is the remainder when 7240 is divided by 102?
100
Calculate the remainder when 430 is divided by 195.
40
Calculate the remainder when 15793 is divided by 5.
3
Calculate the remainder when 52 is divided by 27.
25
What is the remainder when 177 is divided by 43?
5
Calculate the remainder when 67 is divided by 48.
19
What is the remainder when 247 is divided by 51?
43
What is the remainder when 12831 is divided by 46?
43
What is the remainder when 210 is divided by 80?
50
What is the remainder when 14709 is divided by 283?
276
What is the remainder when 268 is divided by 132?
4
Calculate the remainder when 26739 is divided by 140.
139
What is the remainder when 414 is divided by 50?
14
What is the remainder when 1008 is divided by 37?
9
Calculate the remainder when 88 is divided by 30.
28
What is the remainder when 44 is divided by 12?
8
What is the remainder when 38 is divided by 11?
5
Calculate the remainder when 212 is divided by 43.
40
What is the remainder when 585 is divided by 3?
0
What is the remainder when 5829 is divided by 62?
1
What is the remainder when 3228 is divided by 21?
15
Calculate the remainder when 1398 is divided by 141.
129
What is the remainder when 518 is divided by 10?
8
What is the remainder when 3547 is divided by 273?
271
What is the remainder when 1162 is divided by 127?
19
What is the remainder when 456 is divided by 23?
19
Calculate the remainder when 1078 is divided by 525.
28
Calculate the remainder when 332 is divided by 42.
38
Calculate the remainder when 6272 is divided by 86.
80
What is the remainder when 529 is divided by 107?
101
What is the remainder when 138 is divided by 20?
18
Calculate the remainder when 220 is divided by 28.
24
Calculate the remainder when 278 is divided by 72.
62
Calculate the remainder when 255 is divided by 146.
109
What is the remainder when 179 is divided by 47?
38
Calculate the remainder when 1174 is divided by 296.
286
Calculate the remainder when 22153 is divided by 29.
26
Calculate the remainder when 617 is divided by 161.
134
What is the remainder when 733 is divided by 668?
65
Calculate the remainder when 2247 is divided by 65.
37
What is the remainder when 400 is divided by 109?
73
What is the remainder when 821 is divided by 32?
21
What is the remainder when 6047 is divided by 21?
20
Calculate the remainder when 118 is divided by 41.
36
What is the remainder when 55767 is divided by 26?
23
Calculate the remainder when 964 is divided by 246.
226
Calculate the remainder when 11436 is divided by 286.
282
What is the remainder when 78 is divided by 21?
15
What is the remainder when 1734 is divided by 198?
150
Calculate the remainder when 787 is divided by 113.
109
Calculate the remainder when 1326 is divided by 38.
34
Calculate the remainder when 204 is divided by 20.
4
What is the remainder when 1528 is divided by 128?
120
What is the remainder when 1752 is divided by 572?
36
Calculate the remainder when 718 is divided by 16.
14
What is the remainder when 316 is divided by 66?
52
What is the remainder when 76 is divided by 40?
36
Calculate the remainder when 1082 is divided by 83.
3
What is the remainder when 855 is divided by 78?
75
Calculate the remainder when 166 is divided by 142.
24
What is the remainder when 959 is divided by 316?
11
Calculate the remainder when 6364 is divided by 32.
28
Calculate the remainder when 16018 is divided by 20.
18
What is the remainder when 12 is divided by 3?
0
What is the remainder when 238 is divided by 60?
58
Calculate the remainder when 94 is divided by 14.
10
What is the remainder when 311 is divided by 13?
12
What is the remainder when 214 is divided by 108?
106
What is the remainder when 340 is divided by 117?
106
What is the remainder when 2174 is divided by 11?
7
Calculate the remainder when 116 is divided by 9.
8
Calculate the remainder when 2421 is divided by 12.
9
What is the remainder when 99 is divided by 56?
43
What is the remainder when 828 is divided by 266?
30
What is the remainder when 30 is divided by 27?
3
What is the remainder when 237 is divided by 17?
16
Calculate the remainder when 193 is divided by 48.
1
Calculate the remainder when 4647 is divided by 273.
6
Calculate the remainder when 3051 is divided by 14.
13
Calculate the remainder when 2440 is divided by 222.
220
What is the remainder wh